e (-2)/((-5)/(30/4)). Let q(i) = -5*i**2 + g*i + 4 + 2 + i**3 - 7 + 2. Calculate q(4).
-3
Let z be 3/(6/(-4))*2. Let d(f) = f**2 + 3*f - 4. What is d(z)?
0
Let r(t) be the third derivative of 0*t + 1/240*t**6 + 0 - 2*t**2 + 0*t**3 - 7/120*t**5 - 1/8*t**4. Let q(n) be the second derivative of r(n). What is q(5)?
8
Suppose 4*m - 3 = 3*m. Let a(j) = -1 - 3 - 4*j**2 + 2*j**3 + 5*j - j**3. Determine a(m).
2
Let g(z) be the first derivative of z**2 + 5*z - 1. Let n be 6/(-4)*64/(-12). Let x be 1/2*n/(-1). What is g(x)?
-3
Let q(l) be the third derivative of l**4/24 + l**3/2 + 31*l**2. Calculate q(-3).
0
Let o = 5 + -1. Let s = o - 2. Let c(z) = 6*z**s - 5*z**2 + 1 + z - 1. Give c(-2).
2
Let p = 8 + -4. Let y(n) = -2*n**2 + p + 6*n + 0*n**2 + 3*n**2. Let b be 5*(0 + -1) + 0. Give y(b).
-1
Let j(z) = -15*z**2 + 5*z**2 + 6*z**2 - z + 0*z**2. Let o(l) be the first derivative of l**4/4 - 2*l**3 + 2*l**2 + 4*l + 1. Let b be o(5). Give j(b).
-3
Let n(o) = 18*o**2 - 1. Let x be n(1). Suppose 2*r = 4*r + 3*f - x, -r + 8 = f. Suppose -2*s - 1 = 3*c - r, -4*s + 5*c = 10. Let h(v) = v + 7. Calculate h(s).
7
Let o(y) be the second derivative of 3/4*y**4 + 1/2*y**2 - 1/3*y**3 + 0 - 2*y. Determine o(1).
8
Let b = 4 + -2. Let a(q) = 5*q**3 + 0*q**2 + 1 + 4*q**b - 4*q**2. Give a(-1).
-4
Let j(p) = 3*p - p + 0 - 2. Suppose -26 = c - 6. Let b be ((-8)/10)/((-8)/c). Calculate j(b).
-6
Let q(j) = j**3 + 5*j**2 - 6*j + 3. Let l be q(-6). Suppose 11 = l*n - 4. Let a(b) = b**2 - 8*b + 3. What is a(n)?
-12
Suppose 3*s = s. Suppose 4*j = -s*j. Let d(r) = -4 + r - 4*r + j. Give d(-3).
5
Let k(u) = u + 2. Let x be k(-9). Let z(t) = -t**2 - 7*t - 3. Determine z(x).
-3
Suppose x + 2*x - 9 = 0. Let o(w) = -w. Let m(b) = b - 3. Let d(f) = -m(f) + o(f). Determine d(x).
-3
Let k(n) be the second derivative of 7*n**3/6 - n**2/2 + 30*n. Give k(-1).
-8
Let x = 24 - 20. Let t(d) = 2 + 0 - d**2 - 2*d + d**3 - x*d**2 + 0*d. Calculate t(5).
-8
Let s(n) = -n**2 - 7*n - 4. Let k(w) = -5*w**2 + w. Let t be k(1). Give s(t).
8
Let v(k) be the second derivative of k**5/30 - k**4/24 + k**3/6 - 3*k. Let y(o) be the second derivative of v(o). What is y(2)?
7
Suppose 4 + 2 = 3*q. Let i(k) = -k**3 - 2*k**2 - k. Let z(o) = o**3. Let x(v) = -i(v) - 2*z(v). What is x(q)?
2
Let x(z) = z - 2. Suppose -4*a + 7 = -1. Calculate x(a).
0
Suppose 2 = y - 2. Let s(g) = -y*g**2 + g + g**3 - 5*g - 3 - 2 - g. Suppose 0 = -5*z - 15 + 40. Give s(z).
-5
Let v(z) = 3*z**2 - 16*z - 13. Let j = 11 + -16. Let c(q) = 2*q**2 - 8*q - 7. Let a(f) = j*c(f) + 3*v(f). Calculate a(-5).
11
Suppose 5*i = 3 - 13. Let w(x) = -2*x - 2. Calculate w(i).
2
Let w = -4 + 6. Suppose 4*y - 18 = -2*z, -3*y + 4*z - w*z = -10. Let d(a) = -5*a + 6. Let k(u) = -11*u + 13. Let s(o) = -9*d(o) + 4*k(o). Determine s(y).
2
Let n(i) be the second derivative of -i**5/20 - 7*i**4/12 + i**3/6 - 5*i**2 + i. What is n(-7)?
-17
Let x(b) be the first derivative of b**2 - 1/3*b**3 - 3 - b. Calculate x(5).
-16
Let w(d) = 3*d - 4. Let h(q) = 3*q - 3. Let y(i) = -3*h(i) + 2*w(i). Let k(l) = -l**3 + 5*l**2 + l - 3. Let n be k(5). Suppose -n*m = m - 6. What is y(m)?
-5
Let l(r) = 3*r - 1. Let u be (1/2*2 - -5)/(-2). Determine l(u).
-10
Let i = 1 + 5. Let g(q) = 4*q - 5*q + 4 - 3*q**3 + i*q**3 - 4*q**3. Give g(0).
4
Let t = -1 - 1. Let u(c) be the second derivative of c**5/10 + c**4/3 + c**3/3 - c**2/2 - 13*c. Determine u(t).
-5
Let y(s) be the first derivative of -s**3/3 + s**2/2 + 2*s + 3. Let n(w) = -2*w + 1. Let h be n(-1). What is y(h)?
-4
Let n(g) = g**2 - 3*g + 6 - 3*g - 7. What is n(5)?
-6
Let y be (-6)/(-15) - (-8)/5. Let r(u) be the first derivative of -y*u - u**2 + 2/3*u**3 - 1/4*u**4 + 2. Determine r(2).
-6
Let j(l) = l**2 - 4*l - 5. Let v be ((-18)/21)/(3/(-21)). What is j(v)?
7
Let s(j) = j**3 - 5*j**2 + 1. Let f(v) = 2*v + 2. Let i be f(5). Suppose 0 = 5*n - i - 13. Give s(n).
1
Let x(u) = 3*u**2 - 16 - 11*u + u**2 - 5*u**2 - 2*u**2. Let r(i) = 2*i**2 + 7*i + 11. Let a(y) = 7*r(y) + 5*x(y). Give a(-5).
2
Let t(o) = -4*o + 23. Let s be t(6). Let b(x) = 14*x**2. Give b(s).
14
Let f(n) = 2*n - 7. Let i(r) = r + 1. Let x be i(4). Calculate f(x).
3
Let n(y) be the third derivative of 0 + 1/3*y**3 + 1/30*y**5 + 0*y + 5/24*y**4 + 6*y**2 - 1/120*y**6. What is n(4)?
-10
Let h(q) = -q - 1. Let m(z) = 3*z + 3 + 3*z - 1. Let n(j) = -3*h(j) - m(j). What is n(-2)?
7
Let r(t) = -2*t**2 + t - 3. Let f(k) = 3*k**2 - k + 7. Let y(i) = -3*f(i) - 5*r(i). What is y(5)?
9
Let s(y) = y - 5. Let n be s(5). Let r(x) = 3*x + n*x**2 - x**2 + 6 + 5 - 5. Determine r(6).
-12
Let m = -25 - -28. Suppose -4*t = y + 6, -3*y = -y + m*t + 12. Let z(d) = d**3 + 6*d**2 + 2*d + 9. Determine z(y).
-3
Let l(a) = -19*a - 14*a**2 - 3 - 2*a - 12 - 9*a**3. Let t be 2*-7*15/30. Let q(z) = 4*z**3 + 7*z**2 + 10*z + 7. Let w(n) = t*q(n) - 3*l(n). Determine w(-6).
2
Let r(a) be the third derivative of a**6/120 + a**5/60 + a**3/3 - 4*a**2. Give r(0).
2
Let j(f) = f + 1. Let v(m) = 4*m + 6. Let p(z) = 5*j(z) - v(z). Give p(-6).
-7
Suppose -30*v + 29*v + 16 = 0. Let b = -12 + v. Let w(x) = -3*x**2 - 7*x - 8. Let z(q) = -2*q**2 - 6*q - 7. Let j(r) = 3*w(r) - 4*z(r). What is j(b)?
0
Let w(l) = -l**3 - 7*l**2 + l + 1. Let q = -1 + -6. Give w(q).
-6
Let h(g) be the second derivative of -g**5/5 - g**4/12 - g**3/6 - g**2/2 - g. Suppose -u + 0 = 7. Let p = u + 6. Determine h(p).
3
Suppose -2 = z - 7. Let q be (-1)/((-14)/z - -3). Let p(f) = -f**3 - 6*f**2 - 5*f - 3. Calculate p(q).
-3
Let f(x) be the third derivative of -x**7/840 - x**6/72 - x**5/24 + x**4/24 - x**3/3 - x**2. Let o(d) be the first derivative of f(d). What is o(-4)?
5
Let k(g) = -g**2 - 3*g - 1. Let p(d) = -4*d - 1. Let x(c) = -3*k(c) + 2*p(c). Give x(-2).
11
Let m(u) = -u**3 - 5*u**2 - 5*u - 4. Let p = 8 - 13. Let v = p - 7. Let h be 2/(-1) - v/(-6). Give m(h).
0
Suppose -2*r = -0 + 16. Let s(k) = k + 12. What is s(r)?
4
Let a(j) be the second derivative of j**4/12 + j**3 + j**2/2 + 2*j. Suppose 2*o + 2*h = 4*o, -h + 6 = 5*o. Suppose 0 = -5*k - 19 - o. Calculate a(k).
-7
Suppose -k = -3*a - 6*k + 5, a - 3*k + 3 = 0. Let w(r) = 200 - 197 - r**3 - r + 2*r. Determine w(a).
3
Let w(r) = -29*r**3 - 5*r**2 + 11*r + 3. Let u(g) = -19*g**3 - 3*g**2 + 7*g + 2. Let j(a) = 8*u(a) - 5*w(a). Give j(-1).
8
Let b(o) be the first derivative of o**4/4 - o**3/3 - o**2/2 - 2*o + 3. Determine b(0).
-2
Suppose -4*w = -3*s + 32, 0 = -2*w - s - 3*s + 6. Let y = w + 1. Let h = 2 + y. Let n(o) = 2*o + 3. Give n(h).
-1
Let a(v) = v**3 + 2*v**2 - 2*v + 1. Let f be 2/(-2)*0 - -2. Suppose -4*m = 2*l + 4, -3*m - f*l + 0*l - 1 = 0. What is a(m)?
-2
Let b(y) = y + 1 - 5*y + 0*y. Let f be b(-1). Let m(u) = -3*u**2 + 4*u - 4. Let j(r) = -r**2 + r - 1. Let p(q) = -11*j(q) + 4*m(q). Give p(f).
-5
Let i(l) = -l**2 - 10*l - 7. Let a(s) = 2*s**2 + 19*s + 14. Suppose f - 4*f = -18. Let v(n) = f*a(n) + 11*i(n). Give v(-5).
12
Let v(c) = -c + 6. Suppose 6*g - 59 + 17 = 0. Calculate v(g).
-1
Let n be (-4)/(-14) + (-183)/(-21). Let d(j) = -j**2 + 9*j - 2. Let y be d(n). Let a(u) = u**3 + u**2 - u - 2. Calculate a(y).
-4
Let u(d) = -d**2 + d + 6. Suppose -3 = 3*a - 18. Let o(q) = -q**2 + 6*q + 5. Let w be o(6). Let v = a - w. What is u(v)?
6
Suppose 0 = -22*a + 25*a - 3*m - 3, -m = -4*a + 19. Let t(d) = 3*d**2 + 0*d**2 + 3*d**2 + 7 - d**3. What is t(a)?
7
Let q = -8 + 5. Let k(f) = -2. Let s(a) = -a + 4. Let p(h) = 5*k(h) + 2*s(h). Calculate p(q).
4
Let b be 0/(0/3 + 1). Let d(o) = b + 6 + 6*o**2 + o - 5*o**2. Let m be 0 + (-2 + 0 - -2). What is d(m)?
6
Let f(a) = 2*a - 2. Let g be (-46)/(-11) - ((-10)/(-11))/5. Determine f(g).
6
Let f(u) be the first derivative of -u + 3 + 1/3*u**3 + 3/2*u**2. Suppose 4*h - 4*v = -8 - 12, -4*v + 8 = 2*h. What is f(h)?
-3
Suppose q - 5 = -4*q. Let l(t) = 2*t + 6 + 2*t - q. Let p(w) = -4*w - 6. Let x(j) = 5*l(j) + 4*p(j). What is x(-2)?
-7
Let r = 3 - 1. Let i(u) = -2 + 2*u + 2*u**r - 4*u**2 - 4*u. Determine i(-2).
-6
Let d = -8 + 4. Let a(f) be the second derivative of 1/3*f**3 + 0 + f + 3*f**2. Give a(d).
-2
Let i = -10 - -14. Let b(d) = -11*d + 1. Let s(y) = -5*y. Let h(o) = 6*b(o) - 13*s(o). What is h(i)?
2
Let u be (12/(-8))/(2/(-4)). Let z = -8 + u. Let g(i) = i. Let h(y) = y. Let x(w) = 5*g(w) - 6*h(w). Give x(z).
5
Let h(k) be the first deriv